n 10547 is divided by 91.
82
Calculate the remainder when 2808 is divided by 2618.
190
Calculate the remainder when 560173 is divided by 33.
31
Calculate the remainder when 79146 is divided by 82.
16
Calculate the remainder when 5319 is divided by 14.
13
What is the remainder when 113524 is divided by 37836?
16
What is the remainder when 27055 is divided by 2458?
17
Calculate the remainder when 327011 is divided by 129.
125
What is the remainder when 613 is divided by 28?
25
Calculate the remainder when 30147 is divided by 44.
7
What is the remainder when 30427 is divided by 1166?
111
What is the remainder when 7935 is divided by 83?
50
What is the remainder when 1305346 is divided by 44?
42
Calculate the remainder when 12096 is divided by 47.
17
What is the remainder when 761179 is divided by 487?
485
What is the remainder when 15607 is divided by 273?
46
Calculate the remainder when 652 is divided by 86.
50
Calculate the remainder when 19612 is divided by 9795.
22
What is the remainder when 6269 is divided by 73?
64
Calculate the remainder when 1207 is divided by 1002.
205
Calculate the remainder when 6660 is divided by 752.
644
Calculate the remainder when 653 is divided by 137.
105
Calculate the remainder when 340700 is divided by 53.
16
What is the remainder when 1873 is divided by 12?
1
Calculate the remainder when 4190 is divided by 127.
126
What is the remainder when 1852259 is divided by 10?
9
Calculate the remainder when 33380 is divided by 631.
568
Calculate the remainder when 259066 is divided by 21588.
10
What is the remainder when 3027 is divided by 1512?
3
Calculate the remainder when 319137 is divided by 650.
637
What is the remainder when 876979 is divided by 1583?
1580
Calculate the remainder when 17051 is divided by 32.
27
Calculate the remainder when 71415 is divided by 631.
112
Calculate the remainder when 2424 is divided by 96.
24
What is the remainder when 71595 is divided by 460?
295
What is the remainder when 629813 is divided by 77?
30
Calculate the remainder when 32735 is divided by 994.
927
Calculate the remainder when 740 is divided by 33.
14
Calculate the remainder when 414 is divided by 149.
116
What is the remainder when 15024 is divided by 123?
18
What is the remainder when 2949 is divided by 18?
15
What is the remainder when 875524 is divided by 6?
4
Calculate the remainder when 13284 is divided by 511.
509
What is the remainder when 226078 is divided by 226065?
13
Calculate the remainder when 1695 is divided by 339.
0
Calculate the remainder when 202889 is divided by 76.
45
What is the remainder when 95895 is divided by 222?
213
What is the remainder when 68692 is divided by 906?
742
Calculate the remainder when 5746 is divided by 17.
0
Calculate the remainder when 803426 is divided by 19129.
8
What is the remainder when 40387 is divided by 13?
9
What is the remainder when 12749 is divided by 4189?
182
Calculate the remainder when 27982 is divided by 1748.
14
Calculate the remainder when 401122 is divided by 551.
545
Calculate the remainder when 246748 is divided by 227.
226
Calculate the remainder when 97566 is divided by 118.
98
Calculate the remainder when 3017 is divided by 1496.
25
Calculate the remainder when 1268 is divided by 23.
3
Calculate the remainder when 396 is divided by 146.
104
What is the remainder when 277197 is divided by 92394?
15
What is the remainder when 29056 is divided by 41?
28
Calculate the remainder when 32574 is divided by 1548.
66
Calculate the remainder when 9508127 is divided by 48.
47
What is the remainder when 1031 is divided by 223?
139
Calculate the remainder when 59157 is divided by 40.
37
Calculate the remainder when 1340 is divided by 171.
143
What is the remainder when 80155 is divided by 30?
25
What is the remainder when 18512 is divided by 97?
82
What is the remainder when 1239 is divided by 611?
17
Calculate the remainder when 2701 is divided by 360.
181
What is the remainder when 93089 is divided by 49?
38
What is the remainder when 78866 is divided by 7?
4
What is the remainder when 15100 is divided by 2506?
64
Calculate the remainder when 215981 is divided by 35.
31
What is the remainder when 148096 is divided by 74046?
4
What is the remainder when 1625 is divided by 432?
329
What is the remainder when 41834 is divided by 45?
29
Calculate the remainder when 85157 is divided by 30.
17
What is the remainder when 7083 is divided by 395?
368
What is the remainder when 1415 is divided by 147?
92
What is the remainder when 7008 is divided by 82?
38
Calculate the remainder when 132484 is divided by 52.
40
What is the remainder when 253921 is divided by 894?
25
Calculate the remainder when 126183 is divided by 239.
230
What is the remainder when 5609 is divided by 430?
19
Calculate the remainder when 399809 is divided by 24987.
17
What is the remainder when 9514 is divided by 13?
11
Calculate the remainder when 63428 is divided by 10.
8
Calculate the remainder when 24471 is divided by 51.
42
Calculate the remainder when 34936 is divided by 25.
11
What is the remainder when 28666 is divided by 249?
31
What is the remainder when 39009 is divided by 1087?
964
What is the remainder when 36805 is divided by 36801?
4
What is the remainder when 1130 is divided by 889?
241
What is the remainder when 1948 is divided by 945?
58
Calculate the remainder when 182840 is divided by 239.
5
Calculate the remainder when 205980 is divided by 328.
324
Calculate the remainder when 63592 is divided by 115.
112
What is the remainder when 269295 is divided by 1367?
1363
Calculate the remainder when 538016 is divided by 53.
13
Calculate the remainder when 62781 is divided by 20927.
0
Calculate the remainder when 680 is divided by 549.
131
Calculate the remainder when 7643 is divided by 39.
38
Calculate the remainder when 2929 is divided by 133.
3
Calculate the remainder when 3059 is divided by 475.
209
Calculate the remainder when 70184 is divided by 30.
14
What is the remainder when 5959 is divided by 230?
209
Calculate the remainder when 4663 is divided by 155.
13
Calculate the remainder when 837 is divided by 363.
111
Calculate the remainder when 613554 is divided by 38.
6
What is the remainder when 120287 is divided by 224?
223
Calculate the remainder when 253665 is divided by 28184.
9
What is the remainder when 25240 is divided by 3603?
19
Calculate the remainder when 8206 is divided by 1639.
11
Calculate the remainder when 12578 is divided by 4187.
17
Calculate the remainder when 345589 is divided by 156.
49
What is the remainder when 70593 is divided by 101?
95
Calculate the remainder when 10435 is divided by 548.
23
Calculate the remainder when 633 is divided by 206.
15
Calculate the remainder when 46957 is divided by 3.
1
Calculate the remainder when 20622 is divided by 687.
12
What is the remainder when 3157 is divided by 701?
353
Calculate the remainder when 7091 is divided by 9.
8
What is the remainder when 3537 is divided by 77?
72
What is the remainder when 7281 is divided by 12?
9
Calculate the remainder when 19017 is divided by 9490.
37
Calculate the remainder when 4037 is divided by 243.
149
What is the remainder when 192510 is divided by 64?
62
What is the remainder when 7867 is divided by 784?
27
Calculate the remainder when 1207 is divided by 216.
127
Calculate the remainder when 6078 is divided by 43.
15
What is the remainder when 17670 is divided by 761?
167
Calculate the remainder when 30870 is divided by 123.
120
What is the remainder when 369099 is divided by 61516?
3
What is the remainder when 346344 is divided by 83?
68
What is the remainder when 753023 is divided by 91?
89
What is the remainder when 1519 is divided by 222?
187
Calculate the remainder when 9912 is divided by 77.
56
What is the remainder when 5567 is divided by 353?
272
What is the remainder when 19189 is divided by 19160?
29
What is the remainder when 30129 is divided by 186?
183
What is the remainder when 79297 is divided by 684?
637
Calculate the remainder when 34306 is divided by 92.
82
Calculate the remainder when 192351 is divided by 85.
81
Calculate the remainder when 167005 is divided by 83480.
45
What is the remainder when 57042 is divided by 101?
78
Calculate the remainder when 6603067 is